{"id":60,"date":"2019-08-25T12:45:55","date_gmt":"2019-08-25T12:45:55","guid":{"rendered":"https:\/\/niko.lipkowitsch.de\/?page_id=60"},"modified":"2020-04-13T17:15:55","modified_gmt":"2020-04-13T17:15:55","slug":"japan","status":"publish","type":"page","link":"https:\/\/weltreise.lipkowitsch.de\/index.php\/japan\/","title":{"rendered":"Japan"},"content":{"rendered":"\n<style type=\"text\/css\" id=\"gmpMapStyles_2_55396\">\r\n\t#google_map_easy_2_55396 {\r\n        width: 100%;\r\n        height: 400px;\r\n\t\t\t\t\t\t    }\r\n\t#gmapControlsNum_2_55396 {\r\n\t\twidth:100%\t}\r\n\t.gmpMapDetailsContainer#gmpMapDetailsContainer_2_55396 {\r\n\t\theight:400px;\r\n\t}\r\n\t.gmp_MapPreview#google_map_easy_2_55396 {\r\n\t\t\/*position:absolute;*\/\r\n\t\twidth: 100%;\r\n\t}\r\n\t#mapConElem_2_55396{\r\n\t\twidth: 100%\t}\r\n    .gm-style .gm-style-iw-c{\r\n        padding: 12px!important;\r\n    }\r\n\t    <\/style>\r\n <div class=\"gmp_map_opts\" id=\"mapConElem_2_55396\" data-id=\"2\" data-view-id=\"2_55396\" > <div class=\"gmpMapDetailsContainer\" id=\"gmpMapDetailsContainer_2_55396\"> <i class=\"gmpKMLLayersPreloader fa fa-spinner fa-spin\" aria-hidden=\"true\" style=\"display: none;\"><\/i> <div class=\"gmp_MapPreview \" id=\"google_map_easy_2_55396\"><\/div> <\/div> <div class=\"gmpMapMarkerFilters\" id=\"gmpMapMarkerFilters_2_55396\"> <\/div> <div class=\"gmpMapProControlsCon\" id=\"gmpMapProControlsCon_2_55396\"> <a title=\"WordPress Google Maps\" style=\"display:none;\" href=\"https:\/\/supsystic.com\/plugins\/google-maps-plugin\/?utm_medium=love_link_hide\" target=\"_blank\">WordPress Google Maps<\/a><div style=\"clear: both;\"><\/div> <\/div> <div class=\"gmpMapProDirectionsCon\" id=\"gmpMapProDirectionsCon_2_55396\" > <\/div> <div class=\"gmpMapProKmlFilterCon\" id=\"gmpMapProKmlFilterCon_2_55396\" > <\/div> <div class=\"gmpSocialSharingShell gmpSocialSharingShell_2_55396\"> <\/div> <div style=\"clear: both;\"><\/div> <\/div> \n\n\n\n<p><br><br>Die Blog-Beitr\u00e4ge zu den einzelnen Orte, die wir besucht haben sind \u00fcber das Men\u00fc erreichbar. Es gibt noch eine Sammel Kategorie &#8218;Dies und das in Japan&#8216; in der ich allgemeine Erlebnisse, die sich nicht auf einen Ort beziehen aufgeschrieben habe. Hier unten sind noch ein paar &#8218;Einzeiler&#8216; zu Eindr\u00fccken in Japan:<\/p>\n\n\n\n<ul class=\"wp-block-list\"><li>Alles ist perfekt organisiert, schnell, p\u00fcnktlichst, geregelt und sehr sauber<\/li><li>Die Regeln sind streng (und  konsequent zu befolgen), z.B. Schuhe ausziehen und gegen bereitgestellte Schlappen tauschen, wo der Holzboden beginnt; Schlappen ausziehen wo die Tatami-Matten beginnen. Schlappen gegen Kloschlappen im Klo tauschen, obwohl man mangels Platz keinen Schritt gehen kann.<\/li><li>Die Japaner sind sehr sehr h\u00f6flich und zuvorkommend, auf gar keinen Fall sind sie aufdringlich<\/li><li>Gleichzeitig sind sie ziemlich unflexibel, was Abweichungen angeht, z.B. Einchecken im Hotel um 14:55, denn eingecheckt wird in Japan um 15:00, evtl. auch noch danach.<\/li><li>Wir bekommen nicht selten eine gratis Dienstleistung oder eine Kleinigkeit, z.B. Essen geschenkt<\/li><li>Es gibt \u00fcberall eine \u00f6ffentliche kostenlose Toilette, aber&#8230; <\/li><li>Die Bedienung der Toiletten ist komplex und setzt die Beherrschung des Japanischen voraus. Sonst kann es passieren, dass der Sp\u00fclknopf mit dem Notruf verwechselt wird oder gar mit der Notbremse. Harmloser ist eine Verwechslung mit der Po-Brause oder dem Klobrillensitzheizungs-Aufheizrampengradientenoffset. Zum Gl\u00fcck sind viele \u00d6rtchen auch durch Sensoren vollautomatisiert.<\/li><li>Tsunami-, Erdbeben- und Taifun- Warnungen und Verhaltenshinweise sind allgegenw\u00e4rtig<\/li><li>Trinkgeld ist nicht \u00fcblich<\/li><li>Das Leitungswasser kann man trinken<\/li><li>Sitzgelegenheiten sind rar, die Japaner brauchen sie  schlicht nicht  <\/li><li>Nach einem Bad im Onsen, immer sch\u00f6n nach Geschlechtern getrennt, schl\u00e4ft man perfekt<\/li><li>Der Tag ist fr\u00fch zu Ende hier, au\u00dferhalb von Tokyo oder Osaka ist es nicht ganz leicht nach 20:00 noch ein ge\u00f6ffnetes Restaurant zu finden. In kleineren Orten schlie\u00dfen die Restaurants fr\u00fcher als sie bei uns \u00f6ffnen<\/li><li>Es gibt viele kleine Lokale, die tags\u00fcber leckere Suppen und andere einfache Gerichte f\u00fcr wenig Geld anbieten; bestellen essen, zahlen, gehen. Im Schaufenster gibt es meist Plastikvarianten der Gerichte<\/li><li>Im 7eleven kostet der Salat soviel wie eine Suppe im Lokal<\/li><li>Haustiere sind sehr selten und wenn, dann winzig. Sie werden entweder an der kurzen Leine gef\u00fchrt, besser aber im Kinderwagen oder Tragetuch Gassi gefahren oder getragen<\/li><li>Verglichen mit der Einwohnerzahl ist die Zahl der Autos marginal, es gibt deswegen weder Staus noch \u00f6ffentliche Parkpl\u00e4tze<\/li><li>GPS und MapsMe sind unerl\u00e4sslich zur Orientierung, die unterirdischen Wege in den Bahnh\u00f6fen sind l\u00fcckenlos ausgeschildert, manchmal findet man aber vor lauter Schildern den Weg nicht.<\/li><li>In Tokyo sind Nord und S\u00fcd, sowie Ost und West jeden Tag woanders<\/li><li>Starbucks ist omnipr\u00e4sent und bietet f\u00fcr Cappuccino (wider jeden Vorurteils gegen amerikanische Ketten) das beste Preis\/Leistungsverh\u00e4ltnis in ganz Japan<\/li><\/ul>\n\n\n\n<figure class=\"wp-block-image\"><img loading=\"lazy\" decoding=\"async\" width=\"768\" height=\"1024\" src=\"https:\/\/weltreise.lipkowitsch.de\/wp-content\/uploads\/2019\/09\/Sky-tree-mit-Mond-768x1024.jpg\" alt=\"\" class=\"wp-image-271\" srcset=\"https:\/\/weltreise.lipkowitsch.de\/wp-content\/uploads\/2019\/09\/Sky-tree-mit-Mond-768x1024.jpg 768w, https:\/\/weltreise.lipkowitsch.de\/wp-content\/uploads\/2019\/09\/Sky-tree-mit-Mond-225x300.jpg 225w, https:\/\/weltreise.lipkowitsch.de\/wp-content\/uploads\/2019\/09\/Sky-tree-mit-Mond.jpg 1224w\" sizes=\"auto, (max-width: 767px) 89vw, (max-width: 1000px) 54vw, (max-width: 1071px) 543px, 580px\" \/><figcaption>Der Sky Tree in Tokio mit 634 m H\u00f6he der h\u00f6chste freistehende Funkturm der Welt<\/figcaption><\/figure>\n\n\n<ul class=\"display-posts-listing\"><li class=\"listing-item\"><a class=\"title\" href=\"https:\/\/weltreise.lipkowitsch.de\/index.php\/2019\/09\/20\/tokio\/\">Tokio<\/a><\/li><li class=\"listing-item\"><a class=\"title\" href=\"https:\/\/weltreise.lipkowitsch.de\/index.php\/2019\/09\/22\/nikko\/\">Nikko<\/a><\/li><li class=\"listing-item\"><a class=\"title\" href=\"https:\/\/weltreise.lipkowitsch.de\/index.php\/2019\/09\/22\/matsushima\/\">Matsushima<\/a><\/li><li class=\"listing-item\"><a class=\"title\" href=\"https:\/\/weltreise.lipkowitsch.de\/index.php\/2019\/09\/23\/ueber-das-bahnfliegen-in-japan\/\">\u00dcber das Bahnfliegen in Japan<\/a><\/li><li class=\"listing-item\"><a class=\"title\" href=\"https:\/\/weltreise.lipkowitsch.de\/index.php\/2019\/09\/24\/die-bade-affen-in-yudanaka\/\">Die Bade-Affen in Yudanaka<\/a><\/li><li class=\"listing-item\"><a class=\"title\" href=\"https:\/\/weltreise.lipkowitsch.de\/index.php\/2019\/09\/24\/das-10-gaenge-menue-im-ryokan-yudanaka-yasuragi\/\">Das 10 G\u00e4nge Men\u00fc im Ryokan Yudanaka Yasuragi<\/a><\/li><li class=\"listing-item\"><a class=\"title\" href=\"https:\/\/weltreise.lipkowitsch.de\/index.php\/2019\/09\/24\/japan-lacht-sich-schlapp\/\">Japan lacht sich schlapp<\/a><\/li><li class=\"listing-item\"><a class=\"title\" href=\"https:\/\/weltreise.lipkowitsch.de\/index.php\/2019\/09\/25\/hiroshima\/\">Hiroshima und Miyajima<\/a><\/li><li class=\"listing-item\"><a class=\"title\" href=\"https:\/\/weltreise.lipkowitsch.de\/index.php\/2019\/09\/27\/einkaufen\/\">Einkaufen<\/a><\/li><li class=\"listing-item\"><a class=\"title\" href=\"https:\/\/weltreise.lipkowitsch.de\/index.php\/2019\/09\/29\/okayama-und-himeji\/\">Okayama und Himeji<\/a><\/li><li class=\"listing-item\"><a class=\"title\" href=\"https:\/\/weltreise.lipkowitsch.de\/index.php\/2019\/09\/29\/restaurant-be-suche\/\">Restaurant (be-)suche<\/a><\/li><li class=\"listing-item\"><a class=\"title\" href=\"https:\/\/weltreise.lipkowitsch.de\/index.php\/2019\/09\/30\/kimono-hype\/\">Kimono-Hype<\/a><\/li><li class=\"listing-item\"><a class=\"title\" href=\"https:\/\/weltreise.lipkowitsch.de\/index.php\/2019\/09\/30\/kyoto\/\">Kyoto<\/a><\/li><li class=\"listing-item\"><a class=\"title\" href=\"https:\/\/weltreise.lipkowitsch.de\/index.php\/2019\/10\/01\/kobe-beef\/\">Kobe Beef<\/a><\/li><li class=\"listing-item\"><a class=\"title\" href=\"https:\/\/weltreise.lipkowitsch.de\/index.php\/2019\/10\/02\/japanische-gaerten\/\">Japanische G\u00e4rten<\/a><\/li><li class=\"listing-item\"><a class=\"title\" href=\"https:\/\/weltreise.lipkowitsch.de\/index.php\/2019\/10\/02\/koyasan\/\">Koyasan<\/a><\/li><li class=\"listing-item\"><a class=\"title\" href=\"https:\/\/weltreise.lipkowitsch.de\/index.php\/2019\/10\/05\/radfahren-wie-zu-grossvaters-zeiten\/\">Radfahren wie zu Gro\u00dfvaters Zeiten<\/a><\/li><li class=\"listing-item\"><a class=\"title\" href=\"https:\/\/weltreise.lipkowitsch.de\/index.php\/2019\/10\/05\/osaka\/\">Osaka<\/a><\/li><li class=\"listing-item\"><a class=\"title\" href=\"https:\/\/weltreise.lipkowitsch.de\/index.php\/2019\/10\/07\/hakone\/\">Hakone und Gora<\/a><\/li><li class=\"listing-item\"><a class=\"title\" href=\"https:\/\/weltreise.lipkowitsch.de\/index.php\/2019\/10\/10\/tokyo-2\/\">Tokyo 2<\/a><\/li><\/ul>\n\n\n\n<p><\/p>\n","protected":false},"excerpt":{"rendered":"<p>Die Blog-Beitr\u00e4ge zu den einzelnen Orte, die wir besucht haben sind \u00fcber das Men\u00fc erreichbar. Es gibt noch eine Sammel Kategorie &#8218;Dies und das in Japan&#8216; in der ich allgemeine Erlebnisse, die sich nicht auf einen Ort beziehen aufgeschrieben habe. Hier unten sind noch ein paar &#8218;Einzeiler&#8216; zu Eindr\u00fccken in Japan: Alles ist perfekt organisiert, &hellip; <\/p>\n<p class=\"link-more\"><a href=\"https:\/\/weltreise.lipkowitsch.de\/index.php\/2019\/10\/10\/tokyo-2\/\" class=\"more-link\"><span class=\"screen-reader-text\">\u201eTokyo 2\u201c <\/span>weiterlesen<\/a><\/p>\n","protected":false},"author":1,"featured_media":0,"parent":0,"menu_order":0,"comment_status":"closed","ping_status":"closed","template":"","meta":{"footnotes":""},"class_list":["post-60","page","type-page","status-publish","hentry"],"_links":{"self":[{"href":"https:\/\/weltreise.lipkowitsch.de\/index.php\/wp-json\/wp\/v2\/pages\/60","targetHints":{"allow":["GET"]}}],"collection":[{"href":"https:\/\/weltreise.lipkowitsch.de\/index.php\/wp-json\/wp\/v2\/pages"}],"about":[{"href":"https:\/\/weltreise.lipkowitsch.de\/index.php\/wp-json\/wp\/v2\/types\/page"}],"author":[{"embeddable":true,"href":"https:\/\/weltreise.lipkowitsch.de\/index.php\/wp-json\/wp\/v2\/users\/1"}],"replies":[{"embeddable":true,"href":"https:\/\/weltreise.lipkowitsch.de\/index.php\/wp-json\/wp\/v2\/comments?post=60"}],"version-history":[{"count":34,"href":"https:\/\/weltreise.lipkowitsch.de\/index.php\/wp-json\/wp\/v2\/pages\/60\/revisions"}],"predecessor-version":[{"id":2583,"href":"https:\/\/weltreise.lipkowitsch.de\/index.php\/wp-json\/wp\/v2\/pages\/60\/revisions\/2583"}],"wp:attachment":[{"href":"https:\/\/weltreise.lipkowitsch.de\/index.php\/wp-json\/wp\/v2\/media?parent=60"}],"curies":[{"name":"wp","href":"https:\/\/api.w.org\/{rel}","templated":true}]}}