{"id":26,"date":"2019-08-20T20:09:30","date_gmt":"2019-08-20T20:09:30","guid":{"rendered":"https:\/\/niko.lipkowitsch.de\/?page_id=26"},"modified":"2020-04-13T17:25:02","modified_gmt":"2020-04-13T17:25:02","slug":"vanuatu","status":"publish","type":"page","link":"https:\/\/weltreise.lipkowitsch.de\/index.php\/vanuatu\/","title":{"rendered":"Vanuatu"},"content":{"rendered":"\n<style type=\"text\/css\" id=\"gmpMapStyles_3_14822\">\r\n\t#google_map_easy_3_14822 {\r\n        width: 100%;\r\n        height: 400px;\r\n\t\t\t\t\t\t    }\r\n\t#gmapControlsNum_3_14822 {\r\n\t\twidth:100%\t}\r\n\t.gmpMapDetailsContainer#gmpMapDetailsContainer_3_14822 {\r\n\t\theight:400px;\r\n\t}\r\n\t.gmp_MapPreview#google_map_easy_3_14822 {\r\n\t\t\/*position:absolute;*\/\r\n\t\twidth: 100%;\r\n\t}\r\n\t#mapConElem_3_14822{\r\n\t\twidth: 100%\t}\r\n    .gm-style .gm-style-iw-c{\r\n        padding: 12px!important;\r\n    }\r\n\t    <\/style>\r\n <div class=\"gmp_map_opts\" id=\"mapConElem_3_14822\" data-id=\"3\" data-view-id=\"3_14822\" > <div class=\"gmpMapDetailsContainer\" id=\"gmpMapDetailsContainer_3_14822\"> <i class=\"gmpKMLLayersPreloader fa fa-spinner fa-spin\" aria-hidden=\"true\" style=\"display: none;\"><\/i> <div class=\"gmp_MapPreview \" id=\"google_map_easy_3_14822\"><\/div> <\/div> <div class=\"gmpMapMarkerFilters\" id=\"gmpMapMarkerFilters_3_14822\"> <\/div> <div class=\"gmpMapProControlsCon\" id=\"gmpMapProControlsCon_3_14822\"> <a title=\"WordPress Google Maps\" style=\"display:none;\" href=\"https:\/\/supsystic.com\/plugins\/google-maps-plugin\/?utm_medium=love_link_hide\" target=\"_blank\">WordPress Google Maps<\/a><div style=\"clear: both;\"><\/div> <\/div> <div class=\"gmpMapProDirectionsCon\" id=\"gmpMapProDirectionsCon_3_14822\" > <\/div> <div class=\"gmpMapProKmlFilterCon\" id=\"gmpMapProKmlFilterCon_3_14822\" > <\/div> <div class=\"gmpSocialSharingShell gmpSocialSharingShell_3_14822\"> <\/div> <div style=\"clear: both;\"><\/div> <\/div> \n\n\n\n<p><br><br>Wie f\u00fcr Japan werde ich die Blog-Beitr\u00e4ge zu den einzelnen Orte, die wir besuchen werden im Men\u00fc chronologisch anordnen. Hier auf die Vanuatu Seite kommen die allgemeinen &#8218;Einzeiler&#8216; zu den Eindr\u00fccken: <\/p>\n\n\n\n<ul class=\"wp-block-list\"><li>Lang nach Sonnenuntergang, auf dem Heimweg von der Strandbar in unsere Unterkunft, laufen wir entlang der stockdunklen Landstra\u00dfe und es k\u00f6nnte ein wenig unheimlich sein, w\u00fcrde nicht alle paar Meter aus dem Dunkel ein fr\u00f6hliches &#8218;Good Night&#8216; ert\u00f6nen &#8211; wir gr\u00fc\u00dfen zur\u00fcck in die Nacht, man kann sie kaum erkennen, die freundlichen Schwarzen<\/li><li>Es gibt einen super organisierten privaten &#8218;\u00f6ffentlichen Nahverkehr&#8216; &#8211; jedes zweite Fahrzeug ist ein Minibus oder Pritschenwagen und h\u00e4lt sofort, wenn man winkt. Der Fahrer kombiniert die W\u00fcnsche der Zugestiegenen zu einer Route, die sich dann gegen\u00fcber dem eigenen Ziel u.U. deutlich verl\u00e4ngert aber unschlagbar billig ist.<\/li><li>Plastikt\u00fcten sind auf Vanuatu verboten worden, Plastikflaschen gibt es aber noch zu viele, die herumliegen. Warum gibt es kein Pfandsystem? Die Einheimischen brauchen diese Flaschen jedenfalls nicht.<\/li><li>Der Zyklon Pam, der 2015 Vanuatu traf, ist tief ins kollektive Ged\u00e4chtnis dieser Nation eingebrannt. In fast jedem Kontakt mit den Einheimischen kommt dieses Ereignis zur Sprache, jeder hat es auf seine Weise erlebt und erz\u00e4hlt von dem Schrecken dieser Nacht. Wie durch ein Wunder sind landesweit nur ca. 15 Menschen zu Tode gekommen. Es war einer der st\u00e4rksten Wirbelst\u00fcrme, die jemals registriert wurden. Man kann nur ahnen, wie das Land nach nur 4 Stunden vollkommen verw\u00fcstet war &#8211; in Port Vila 90% der H\u00e4user besch\u00e4digt oder zerst\u00f6rt.<\/li><li>Mobilfunk gibt es bis in den hinterletzten Winkel, billig und schneller als erwartet<\/li><li>Hier gibt es keine Kondensstreifen am Himmel, nie, nirgends, aber einen faszinierend klaren Sternenhimmel mit Sternschnuppen, deren Flugrichtung sich pl\u00f6tzlich \u00e4ndert (es sind also ziemlich gro\u00dfe und schnelle Gl\u00fchw\u00fcrmer) <\/li><li>Wenn man immer den Hahn, der als erstes in der fr\u00fch um 4 das Kr\u00e4hen anf\u00e4ngt als n\u00e4chsten Sonntagsbraten schlachten w\u00fcrde, h\u00e4tte man nach ein paar H\u00fchner-Generationen eine ruhige Nacht<\/li><li> Vor jeder Mahlzeit wird gebetet und Gott gedankt f\u00fcr die Speisen und daf\u00fcr, dass man die Nacht gut verbracht hat oder heil vom Vulkan zur\u00fcckgekehrt ist.<\/li><li>Auf Ambrym sollte f\u00fcr die Fu\u00dfg\u00e4nger die Helmpflicht eingef\u00fchrt werden. Ohne Helm auf der Landstra\u00dfe herumzulaufen ist mindestens so lebensgef\u00e4hrlich wie nicht angeschnallt auf dieser zu fahren =&gt; Kokosn\u00fcsse mit 50 km\/h von oben, wenn man mal den Luftwiderstand vernachl\u00e4ssigt. <\/li><li>Die einzelnen Inseln Vanuatus unterscheiden sich sp\u00fcrbar voneinander. Man l\u00e4stert auch schon mal \u00fcber die anderen Insulaner, z.B. dass Leute aus Tanna gerne mal Stress verursachen. Tats\u00e4chlich empfanden wir die Menschen auf Ambrym als \u00e4u\u00dferst liebenswert, die auf Tanna eher etwas muffelig mit leicht groben Manieren. <\/li><li>Die Preise hier sind sehr hoch, vergleichbar mit Japan. Das Preis\/Leistungsverh\u00e4ltnis ist es leider nicht.<\/li><li>Es ist sehr angenehm, dass den Menschen in Vanuatu jegliche Schlitzohrigkeit abgeht. Es wird immer korrekt abgerechnet und herausgegeben. Auch gibt es eine selbstlose Hilfsbereitschaft den Fremden gegen\u00fcber.<\/li><\/ul>\n\n\n<ul class=\"display-posts-listing\"><li class=\"listing-item\"><a class=\"title\" href=\"https:\/\/weltreise.lipkowitsch.de\/index.php\/2019\/10\/13\/geflo-gh-en-nach-vanuato\/\">Geflo (g|h) en nach Vanuatu<\/a><\/li><li class=\"listing-item\"><a class=\"title\" href=\"https:\/\/weltreise.lipkowitsch.de\/index.php\/2019\/10\/15\/tranquility-island\/\">Tranquility Island (Moso)<\/a><\/li><li class=\"listing-item\"><a class=\"title\" href=\"https:\/\/weltreise.lipkowitsch.de\/index.php\/2019\/10\/18\/ambrym\/\">Ambrym<\/a><\/li><li class=\"listing-item\"><a class=\"title\" href=\"https:\/\/weltreise.lipkowitsch.de\/index.php\/2019\/10\/22\/bei-sam-und-seiner-familie-zu-gast\/\">Bei Sam und seiner Familie zu Gast in Craig Cove<\/a><\/li><li class=\"listing-item\"><a class=\"title\" href=\"https:\/\/weltreise.lipkowitsch.de\/index.php\/2019\/10\/23\/trekking-tour-zu-den-vulkanen-auf-ambrym\/\">Trekking-Tour zu den Vulkanen auf Ambrym<\/a><\/li><li class=\"listing-item\"><a class=\"title\" href=\"https:\/\/weltreise.lipkowitsch.de\/index.php\/2019\/10\/25\/das-dorfleben-auf-ambrym\/\">Das Dorfleben auf Ambrym<\/a><\/li><li class=\"listing-item\"><a class=\"title\" href=\"https:\/\/weltreise.lipkowitsch.de\/index.php\/2019\/10\/25\/danke-air-vanuatu\/\">Danke, Air Vanuatu<\/a><\/li><li class=\"listing-item\"><a class=\"title\" href=\"https:\/\/weltreise.lipkowitsch.de\/index.php\/2019\/10\/30\/tanna\/\">Tanna<\/a><\/li><li class=\"listing-item\"><a class=\"title\" href=\"https:\/\/weltreise.lipkowitsch.de\/index.php\/2019\/10\/30\/das-hoellenspektakel-von-mount-yasur\/\">Das H\u00f6llenspektakel von Mount Yasur<\/a><\/li><\/ul>\n","protected":false},"excerpt":{"rendered":"<p>Wie f\u00fcr Japan werde ich die Blog-Beitr\u00e4ge zu den einzelnen Orte, die wir besuchen werden im Men\u00fc chronologisch anordnen. Hier auf die Vanuatu Seite kommen die allgemeinen &#8218;Einzeiler&#8216; zu den Eindr\u00fccken: Lang nach Sonnenuntergang, auf dem Heimweg von der Strandbar in unsere Unterkunft, laufen wir entlang der stockdunklen Landstra\u00dfe und es k\u00f6nnte ein wenig unheimlich &hellip; <\/p>\n<p class=\"link-more\"><a href=\"https:\/\/weltreise.lipkowitsch.de\/index.php\/2019\/10\/30\/das-hoellenspektakel-von-mount-yasur\/\" class=\"more-link\"><span class=\"screen-reader-text\">\u201eDas H\u00f6llenspektakel von Mount Yasur\u201c <\/span>weiterlesen<\/a><\/p>\n","protected":false},"author":1,"featured_media":0,"parent":0,"menu_order":0,"comment_status":"closed","ping_status":"closed","template":"","meta":{"footnotes":""},"class_list":["post-26","page","type-page","status-publish","hentry"],"_links":{"self":[{"href":"https:\/\/weltreise.lipkowitsch.de\/index.php\/wp-json\/wp\/v2\/pages\/26","targetHints":{"allow":["GET"]}}],"collection":[{"href":"https:\/\/weltreise.lipkowitsch.de\/index.php\/wp-json\/wp\/v2\/pages"}],"about":[{"href":"https:\/\/weltreise.lipkowitsch.de\/index.php\/wp-json\/wp\/v2\/types\/page"}],"author":[{"embeddable":true,"href":"https:\/\/weltreise.lipkowitsch.de\/index.php\/wp-json\/wp\/v2\/users\/1"}],"replies":[{"embeddable":true,"href":"https:\/\/weltreise.lipkowitsch.de\/index.php\/wp-json\/wp\/v2\/comments?post=26"}],"version-history":[{"count":17,"href":"https:\/\/weltreise.lipkowitsch.de\/index.php\/wp-json\/wp\/v2\/pages\/26\/revisions"}],"predecessor-version":[{"id":2586,"href":"https:\/\/weltreise.lipkowitsch.de\/index.php\/wp-json\/wp\/v2\/pages\/26\/revisions\/2586"}],"wp:attachment":[{"href":"https:\/\/weltreise.lipkowitsch.de\/index.php\/wp-json\/wp\/v2\/media?parent=26"}],"curies":[{"name":"wp","href":"https:\/\/api.w.org\/{rel}","templated":true}]}}